the highest common factor of 15055552 and 2560.
64
Calculate the highest common factor of 204685648 and 24.
8
Calculate the greatest common factor of 58485 and 6730788.
1671
Calculate the highest common divisor of 457 and 4484998.
457
Calculate the greatest common divisor of 211044 and 117003.
129
What is the greatest common divisor of 1021 and 1766800681?
1021
Calculate the highest common divisor of 3728 and 32620.
932
What is the highest common factor of 25 and 79561045?
5
Calculate the greatest common divisor of 813713 and 3201177.
2147
What is the greatest common factor of 10 and 4337370?
10
Calculate the highest common divisor of 177076757 and 135707.
10439
Calculate the highest common divisor of 3094245 and 133.
133
Calculate the highest common divisor of 8113747 and 723.
241
Calculate the highest common divisor of 1526040 and 756.
108
Calculate the highest common divisor of 270039 and 24108.
147
What is the greatest common factor of 205054 and 1173714?
1258
Calculate the greatest common divisor of 15563392 and 18109.
2587
Calculate the highest common factor of 2647213 and 2527.
361
Calculate the highest common factor of 1400 and 8207800.
200
What is the highest common divisor of 11429 and 6963?
11
What is the highest common factor of 2898371 and 49?
7
Calculate the highest common factor of 2268 and 126787788.
108
What is the highest common divisor of 380 and 28515694?
38
Calculate the highest common divisor of 495 and 5121666.
99
Calculate the highest common factor of 616 and 438614.
22
What is the highest common divisor of 1168 and 476416?
16
What is the greatest common factor of 747802 and 121?
11
Calculate the highest common divisor of 5243070 and 28.
14
What is the highest common factor of 326041 and 16559?
571
What is the greatest common factor of 2978734 and 284?
142
Calculate the highest common divisor of 68763191 and 159425.
6377
What is the highest common divisor of 6842 and 4401034?
22
What is the highest common divisor of 20 and 8944270?
10
Calculate the highest common divisor of 68774734 and 70.
14
Calculate the greatest common factor of 1191617 and 315.
7
What is the greatest common divisor of 712470 and 196605?
255
Calculate the highest common factor of 568 and 54533216.
8
Calculate the highest common factor of 14042 and 471716.
238
Calculate the highest common divisor of 55058073 and 33271.
679
What is the greatest common factor of 4760 and 47401032?
952
What is the greatest common factor of 1248 and 17295096?
312
What is the highest common divisor of 50037647 and 22?
11
Calculate the greatest common divisor of 953423 and 14715.
109
Calculate the highest common divisor of 11527322 and 545746.
4166
Calculate the highest common divisor of 13311140 and 55.
5
What is the greatest common factor of 4115897098 and 8306?
8306
Calculate the greatest common factor of 4275 and 1152.
9
Calculate the greatest common factor of 10054 and 214456.
22
Calculate the highest common divisor of 55 and 153374573.
11
Calculate the greatest common factor of 99423993 and 1563.
1563
What is the highest common factor of 8982772 and 440?
4
Calculate the highest common divisor of 3669 and 20295685.
1223
What is the greatest common divisor of 279 and 6380358?
93
What is the highest common factor of 270088284 and 12?
12
What is the greatest common divisor of 17510 and 392326?
34
What is the highest common factor of 156216 and 92541?
849
What is the greatest common divisor of 1487 and 77872703?
1487
Calculate the greatest common divisor of 618 and 187430336.
206
What is the highest common factor of 210307 and 796331?
2363
Calculate the highest common divisor of 51516 and 1019349.
477
Calculate the greatest common divisor of 122551 and 494.
13
What is the highest common factor of 1321236411 and 1551?
1551
Calculate the highest common factor of 120 and 61067400.
120
What is the greatest common factor of 391066342 and 4739?
677
Calculate the highest common divisor of 833127 and 31776.
993
What is the greatest common factor of 1114 and 5776?
2
Calculate the greatest common divisor of 35963338 and 1522.
1522
Calculate the greatest common factor of 276 and 9820218.
138
What is the highest common divisor of 59114580 and 1470?
1470
Calculate the highest common divisor of 4 and 878178076.
4
What is the greatest common factor of 4231980 and 75276?
1836
What is the greatest common divisor of 29800 and 82450?
50
Calculate the highest common divisor of 506579950 and 74.
74
What is the highest common factor of 39785883 and 177?
177
What is the highest common factor of 17112 and 1788664?
184
What is the highest common factor of 323951520 and 480?
480
What is the highest common factor of 4349593 and 38252?
131
Calculate the greatest common divisor of 657 and 39007242.
9
What is the highest common divisor of 2256 and 54604647?
141
Calculate the greatest common divisor of 1700672 and 4032.
64
What is the highest common factor of 2239 and 6354?
1
Calculate the greatest common divisor of 10521875 and 455.
455
Calculate the highest common factor of 128 and 4813.
1
What is the highest common divisor of 84042 and 128317?
161
What is the greatest common divisor of 672 and 3827424?
96
Calculate the highest common factor of 3544956 and 129092.
236
Calculate the highest common divisor of 8338 and 76186.
22
What is the greatest common divisor of 5716 and 13036767?
1429
Calculate the highest common factor of 461390 and 100.
10
Calculate the greatest common divisor of 131350 and 14626.
142
What is the highest common divisor of 3269168 and 34?
34
Calculate the greatest common divisor of 570 and 6142510.
190
Calculate the highest common divisor of 10895 and 289180.
5
What is the greatest common factor of 159467296 and 762?
254
Calculate the highest common factor of 426855 and 2237235.
2145
Calculate the highest common divisor of 19258767 and 1017.
9
Calculate the highest common factor of 115856 and 422032.
208
What is the greatest common factor of 8156 and 139?
1
What is the highest common divisor of 9301352 and 216?
8
Calculate the greatest common divisor of 476 and 174535648.
28
Calculate the greatest common divisor of 51188 and 1146.
382
Calculate the highest common factor of 87312 and 39162.
642
What is the greatest common divisor of 3182 and 21312518?
74
Calculate the greatest common divisor of 2765 and 67332727.
553
What is the highest common divisor of 132 and 1361045961?
33
What is the highest common factor of 116518 and 5801658?
782
What is the highest common divisor of 1333410 and 4110?
30
What is the greatest common factor of 4944 and 151584688?
1648
Calculate the highest common divisor of 56564495 and 10.
5
Calculate the highest common factor of 10880221 and 61171.
913
Calculate the highest common divisor of 493 and 2031943.
29
Calculate the highest common divisor of 4822958 and 126.
14
What is the greatest common divisor of 7812 and 3117?
3
What is the greatest common factor of 1737 and 4471231?
193
What is the greatest common factor of 39013087 and 3820?
191
Calculate the greatest common factor of 4128 and 11939552.
1376
What is the highest common factor of 423 and 38377709?
47
What is the highest common divisor of 91922752 and 192?
64
Calculate the highest common factor of 54540 and 256815.
45
What is the highest common divisor of 398770130 and 32835?
10945
Calculate the greatest common factor of 81178 and 225478.
74
What is the highest common divisor of 4080182 and 1315?
263
What is the greatest common factor of 3136 and 1153656?
392
Calculate the greatest common factor of 597436722 and 17822.
2546
What is the highest common factor of 46724904 and 76?
4
Calculate the greatest common factor of 24021646 and 20570.
4114
What is the highest common divisor of 140464 and 14256?
16
What is the greatest common factor of 589 and 5811283?
19
What is the highest common divisor of 17 and 41626829?
17
What is the highest common divisor of 17322987 and 22?
11
Calculate the highest common divisor of 1829 and 999696.
59
Calculate the greatest common factor of 690 and 3143370.
30
Calculate the greatest common factor of 249333192 and 36.
36
What is the highest common factor of 532 and 25651292?
76
What is the highest common factor of 10 and 52434830?
10
Calculate the highest common 